actors of 32557?
7, 4651
What are the prime factors of 5712?
2, 3, 7, 17
What are the prime factors of 485?
5, 97
What are the prime factors of 26178?
2, 3, 4363
List the prime factors of 440.
2, 5, 11
What are the prime factors of 10889?
10889
List the prime factors of 92009.
92009
List the prime factors of 968.
2, 11
List the prime factors of 640.
2, 5
What are the prime factors of 196?
2, 7
List the prime factors of 3317.
31, 107
List the prime factors of 80.
2, 5
List the prime factors of 7575.
3, 5, 101
What are the prime factors of 76164?
2, 3, 11, 577
List the prime factors of 25188.
2, 3, 2099
List the prime factors of 3739.
3739
What are the prime factors of 4035?
3, 5, 269
What are the prime factors of 3629?
19, 191
List the prime factors of 4155.
3, 5, 277
List the prime factors of 487.
487
List the prime factors of 146.
2, 73
List the prime factors of 1587.
3, 23
What are the prime factors of 50056?
2, 6257
What are the prime factors of 1161?
3, 43
What are the prime factors of 2193?
3, 17, 43
What are the prime factors of 200?
2, 5
List the prime factors of 141763.
17, 31, 269
What are the prime factors of 1166?
2, 11, 53
What are the prime factors of 15150?
2, 3, 5, 101
What are the prime factors of 32664?
2, 3, 1361
What are the prime factors of 702?
2, 3, 13
What are the prime factors of 28542?
2, 3, 67, 71
List the prime factors of 19946.
2, 9973
What are the prime factors of 644?
2, 7, 23
What are the prime factors of 4317?
3, 1439
List the prime factors of 761.
761
What are the prime factors of 74879?
7, 19, 563
What are the prime factors of 11217?
3, 3739
List the prime factors of 70586.
2, 29, 1217
List the prime factors of 872.
2, 109
What are the prime factors of 17532?
2, 3, 487
List the prime factors of 84.
2, 3, 7
List the prime factors of 125.
5
List the prime factors of 5376.
2, 3, 7
List the prime factors of 45270.
2, 3, 5, 503
What are the prime factors of 4475?
5, 179
What are the prime factors of 41691?
3, 13, 1069
What are the prime factors of 18930?
2, 3, 5, 631
List the prime factors of 42051.
3, 107, 131
List the prime factors of 10039.
10039
List the prime factors of 854.
2, 7, 61
What are the prime factors of 68241?
3, 23, 43
List the prime factors of 1514.
2, 757
List the prime factors of 4310.
2, 5, 431
What are the prime factors of 261?
3, 29
List the prime factors of 4527.
3, 503
List the prime factors of 341.
11, 31
What are the prime factors of 2523?
3, 29
What are the prime factors of 184?
2, 23
What are the prime factors of 48678?
2, 3, 7, 19, 61
What are the prime factors of 27654?
2, 3, 11, 419
List the prime factors of 15541.
15541
List the prime factors of 4601.
43, 107
What are the prime factors of 6434?
2, 3217
List the prime factors of 86700.
2, 3, 5, 17
What are the prime factors of 5042?
2, 2521
List the prime factors of 126169.
281, 449
What are the prime factors of 712?
2, 89
List the prime factors of 1021.
1021
List the prime factors of 29203.
19, 29, 53
List the prime factors of 275.
5, 11
What are the prime factors of 506?
2, 11, 23
What are the prime factors of 701?
701
List the prime factors of 18142.
2, 47, 193
List the prime factors of 132.
2, 3, 11
What are the prime factors of 11522?
2, 7, 823
What are the prime factors of 2049?
3, 683
List the prime factors of 5557.
5557
List the prime factors of 983.
983
What are the prime factors of 1134?
2, 3, 7
List the prime factors of 166.
2, 83
List the prime factors of 15808.
2, 13, 19
What are the prime factors of 2903?
2903
What are the prime factors of 8233?
8233
What are the prime factors of 1408?
2, 11
List the prime factors of 11771.
79, 149
List the prime factors of 3006.
2, 3, 167
List the prime factors of 11246.
2, 5623
List the prime factors of 8753.
8753
List the prime factors of 19047.
3, 7, 907
List the prime factors of 2343.
3, 11, 71
What are the prime factors of 7?
7
What are the prime factors of 72288?
2, 3, 251
What are the prime factors of 9442?
2, 4721
List the prime factors of 1426.
2, 23, 31
List the prime factors of 89682.
2, 3, 14947
What are the prime factors of 7482?
2, 3, 29, 43
What are the prime factors of 2649?
3, 883
What are the prime factors of 33598?
2, 107, 157
What are the prime factors of 11446?
2, 59, 97
List the prime factors of 44501.
44501
What are the prime factors of 22491?
3, 7, 17
List the prime factors of 527.
17, 31
List the prime factors of 956.
2, 239
What are the prime factors of 1476?
2, 3, 41
What are the prime factors of 1117?
1117
List the prime factors of 14697.
3, 23, 71
What are the prime factors of 6599?
6599
List the prime factors of 2496.
2, 3, 13
List the prime factors of 3681.
3, 409
List the prime factors of 891.
3, 11
What are the prime factors of 2104?
2, 263
What are the prime factors of 1475?
5, 59
What are the prime factors of 138372?
2, 3, 13, 887
What are the prime factors of 817?
19, 43
List the prime factors of 50719.
67, 757
List the prime factors of 596.
2, 149
What are the prime factors of 3976?
2, 7, 71
What are the prime factors of 20573?
7, 2939
List the prime factors of 4765.
5, 953
List the prime factors of 6278.
2, 43, 73
List the prime factors of 78785.
5, 7, 2251
List the prime factors of 20177.
20177
List the prime factors of 1458.
2, 3
List the prime factors of 13329.
3, 1481
What are the prime factors of 60782?
2, 30391
List the prime factors of 611.
13, 47
List the prime factors of 1598.
2, 17, 47
List the prime factors of 6098.
2, 3049
What are the prime factors of 24941?
7, 509
What are the prime factors of 1125?
3, 5
List the prime factors of 33094.
2, 16547
What are the prime factors of 32847?
3, 10949
List the prime factors of 81.
3
What are the prime factors of 2771?
17, 163
List the prime factors of 8546.
2, 4273
List the prime factors of 11305.
5, 7, 17, 19
What are the prime factors of 39822?
2, 3, 6637
What are the prime factors of 337?
337
What are the prime factors of 123170?
2, 5, 109, 113
List the prime factors of 36943.
36943
List the prime factors of 2755.
5, 19, 29
List the prime factors of 3667.
19, 193
What are the prime factors of 2570?
2, 5, 257
List the prime factors of 880.
2, 5, 11
What are the prime factors of 12746?
2, 6373
List the prime factors of 1337.
7, 191
List the prime factors of 53777.
53777
What are the prime factors of 27018?
2, 3, 19, 79
List the prime factors of 829.
829
List the prime factors of 1914.
2, 3, 11, 29
What are the prime factors of 1016?
2, 127
List the prime factors of 418.
2, 11, 19
List the prime factors of 53.
53
List the prime factors of 198427.
198427
What are the prime factors of 2653?
7, 379
List the prime factors of 12240.
2, 3, 5, 17
List the prime factors of 32695.
5, 13, 503
What are the prime factors of 2182?
2, 1091
What are the prime factors of 3885?
3, 5, 7, 37
List the prime factors of 3286.
2, 31, 53
List the prime factors of 109296.
2, 3, 11, 23
List the prime factors of 1045.
5, 11, 19
What are the prime factors of 36320?
2, 5, 227
List the prime factors of 1553.
1553
List the prime factors of 7331.
7331
List the prime factors of 1623.
3, 541
List the prime factors of 1044.
2, 3, 29
What are the prime factors of 39101?
61, 641
What are the prime factors of 5892?
2, 3, 491
List the prime factors of 2047.
23, 89
List the prime factors of 130.
2, 5, 13
List the prime factors of 2757.
3, 919
List the prime factors of 80719.
53, 1523
What are the prime factors of 848?
2, 53
List the prime factors of 18786.
2, 3, 31, 101
What are the prime factors of 60375?
3, 5, 7, 23
List the prime factors of 100426.
2, 149, 337
What are the prime factors of 1268?
2, 317
List the prime factors of 11021.
103, 107
List the prime factors of 1082.
2, 541
List the prime factors of 3018.
2, 3, 503
What are the prime factors of 10779?
3, 3593
List the prime factors of 13788.
2, 3, 383
What are the prime factors of 49123?
49123
What are the prime factors of 43722?
2, 3, 7, 347
List the prime factors of 12271.
7, 1753
List the prime factors of 4129.
4129
What are the prime factors of 1848?
2, 3, 7, 11
What are the prime factors of 7600?
2, 5, 19
What are the prime factors of 16725?
3, 5, 223
List the prime factors of 1782.
2, 3, 11
What are the prime factors of 39351?
3, 13, 1009
List the prime factors of